{"version":"1.0","provider_name":"SAEC Superintendencia de Agua e Esgoto de Catanduva","provider_url":"https:\/\/saec.sp.gov.br","author_name":"Karla Sibro","author_url":"https:\/\/saec.sp.gov.br\/index.php\/author\/karla-sibro\/","title":"PLANT\u00c3O DA SAEC - SAEC Superintendencia de Agua e Esgoto de Catanduva","type":"rich","width":600,"height":338,"html":"<blockquote class=\"wp-embedded-content\" data-secret=\"wvFxpCFjhc\"><a href=\"https:\/\/saec.sp.gov.br\/index.php\/2023\/11\/06\/plantao-da-saec-27\/\">PLANT\u00c3O DA SAEC<\/a><\/blockquote><iframe sandbox=\"allow-scripts\" security=\"restricted\" src=\"https:\/\/saec.sp.gov.br\/index.php\/2023\/11\/06\/plantao-da-saec-27\/embed\/#?secret=wvFxpCFjhc\" width=\"600\" height=\"338\" title=\"&#8220;PLANT\u00c3O DA SAEC&#8221; &#8212; SAEC Superintendencia de Agua e Esgoto de Catanduva\" data-secret=\"wvFxpCFjhc\" frameborder=\"0\" marginwidth=\"0\" marginheight=\"0\" scrolling=\"no\" class=\"wp-embedded-content\"><\/iframe><script>\n\/*! This file is auto-generated *\/\n!function(d,l){\"use strict\";l.querySelector&&d.addEventListener&&\"undefined\"!=typeof URL&&(d.wp=d.wp||{},d.wp.receiveEmbedMessage||(d.wp.receiveEmbedMessage=function(e){var t=e.data;if((t||t.secret||t.message||t.value)&&!\/[^a-zA-Z0-9]\/.test(t.secret)){for(var s,r,n,a=l.querySelectorAll('iframe[data-secret=\"'+t.secret+'\"]'),o=l.querySelectorAll('blockquote[data-secret=\"'+t.secret+'\"]'),c=new RegExp(\"^https?:$\",\"i\"),i=0;i<o.length;i++)o[i].style.display=\"none\";for(i=0;i<a.length;i++)s=a[i],e.source===s.contentWindow&&(s.removeAttribute(\"style\"),\"height\"===t.message?(1e3<(r=parseInt(t.value,10))?r=1e3:~~r<200&&(r=200),s.height=r):\"link\"===t.message&&(r=new URL(s.getAttribute(\"src\")),n=new URL(t.value),c.test(n.protocol))&&n.host===r.host&&l.activeElement===s&&(d.top.location.href=t.value))}},d.addEventListener(\"message\",d.wp.receiveEmbedMessage,!1),l.addEventListener(\"DOMContentLoaded\",function(){for(var e,t,s=l.querySelectorAll(\"iframe.wp-embedded-content\"),r=0;r<s.length;r++)(t=(e=s[r]).getAttribute(\"data-secret\"))||(t=Math.random().toString(36).substring(2,12),e.src+=\"#?secret=\"+t,e.setAttribute(\"data-secret\",t)),e.contentWindow.postMessage({message:\"ready\",secret:t},\"*\")},!1)))}(window,document);\n<\/script>\n","thumbnail_url":"https:\/\/saec.sp.gov.br\/wp-content\/uploads\/2023\/11\/1-3.jpg","thumbnail_width":1600,"thumbnail_height":1200,"description":"Rua S\u00e3o Paulo Equipes da Saec est\u00e3o de prontid\u00e3o neste s\u00e1bado para sanar os danos causados pela tempestade desta sexta, na rua S\u00e3o Paulo entre as ruas Rio Grande do Sul e Santa Catarina. A orienta\u00e7\u00e3o aos motoristas \u00e9 que o trecho seja evitado. Por medida de seguran\u00e7a, o tr\u00e2nsito de ve\u00edculos, no sentido bairro-centro, [&hellip;]"}

PLANTÃO DA SAEC - SAEC Superintendencia de Agua e Esgoto de Catanduva

<blockquote class="wp-embedded-content" data-secret="wvFxpCFjhc"><a href="https://saec.sp.gov.br/index.php/2023/11/06/plantao-da-saec-27/">PLANTÃO DA SAEC</a></blockquote><iframe sandbox="allow-scripts" security="restricted" src="https://saec.sp.gov.br/index.php/2023/11/06/plantao-da-saec-27/embed/#?secret=wvFxpCFjhc" width="600" height="338" title="&#8220;PLANTÃO DA SAEC&#8221; &#8212; SAEC Superintendencia de Agua e Esgoto de Catanduva" data-secret="wvFxpCFjhc" frameborder="0" marginwidth="0" marginheight="0" scrolling="no" class="wp-embedded-content"></iframe><script>
/*! This file is auto-generated */
!function(d,l){"use strict";l.querySelector&&d.addEventListener&&"undefined"!=typeof URL&&(d.wp=d.wp||{},d.wp.receiveEmbedMessage||(d.wp.receiveEmbedMessage=function(e){var t=e.data;if((t||t.secret||t.message||t.value)&&!/[^a-zA-Z0-9]/.test(t.secret)){for(var s,r,n,a=l.querySelectorAll('iframe[data-secret="'+t.secret+'"]'),o=l.querySelectorAll('blockquote[data-secret="'+t.secret+'"]'),c=new RegExp("^https?:$","i"),i=0;i<o.length;i++)o[i].style.display="none";for(i=0;i<a.length;i++)s=a[i],e.source===s.contentWindow&&(s.removeAttribute("style"),"height"===t.message?(1e3<(r=parseInt(t.value,10))?r=1e3:~~r<200&&(r=200),s.height=r):"link"===t.message&&(r=new URL(s.getAttribute("src")),n=new URL(t.value),c.test(n.protocol))&&n.host===r.host&&l.activeElement===s&&(d.top.location.href=t.value))}},d.addEventListener("message",d.wp.receiveEmbedMessage,!1),l.addEventListener("DOMContentLoaded",function(){for(var e,t,s=l.querySelectorAll("iframe.wp-embedded-content"),r=0;r<s.length;r++)(t=(e=s[r]).getAttribute("data-secret"))||(t=Math.random().toString(36).substring(2,12),e.src+="#?secret="+t,e.setAttribute("data-secret",t)),e.contentWindow.postMessage({message:"ready",secret:t},"*")},!1)))}(window,document);
</script>

Rua São Paulo Equipes da Saec estão de prontidão neste sábado para sanar os danos causados pela tempestade desta sexta, na rua São Paulo entre as ruas Rio Grande do Sul e Santa Catarina. A orientação aos motoristas é que o trecho seja evitado. Por medida de segurança, o trânsito de veículos, no sentido bairro-centro, [&hellip;]
