{"version":"1.0","provider_name":"SAEC Superintendencia de Agua e Esgoto de Catanduva","provider_url":"https:\/\/saec.sp.gov.br","author_name":"Karla Sibro","author_url":"https:\/\/saec.sp.gov.br\/index.php\/author\/karla-sibro\/","title":"SAEC NO DIA DELAS - SAEC Superintendencia de Agua e Esgoto de Catanduva","type":"rich","width":600,"height":338,"html":"<blockquote class=\"wp-embedded-content\" data-secret=\"uwRn20Pt2B\"><a href=\"https:\/\/saec.sp.gov.br\/index.php\/2026\/03\/07\/saec-no-dia-delas\/\">SAEC NO DIA DELAS<\/a><\/blockquote><iframe sandbox=\"allow-scripts\" security=\"restricted\" src=\"https:\/\/saec.sp.gov.br\/index.php\/2026\/03\/07\/saec-no-dia-delas\/embed\/#?secret=uwRn20Pt2B\" width=\"600\" height=\"338\" title=\"&#8220;SAEC NO DIA DELAS&#8221; &#8212; SAEC Superintendencia de Agua e Esgoto de Catanduva\" data-secret=\"uwRn20Pt2B\" frameborder=\"0\" marginwidth=\"0\" marginheight=\"0\" scrolling=\"no\" class=\"wp-embedded-content\"><\/iframe><script>\n\/*! This file is auto-generated *\/\n!function(d,l){\"use strict\";l.querySelector&&d.addEventListener&&\"undefined\"!=typeof URL&&(d.wp=d.wp||{},d.wp.receiveEmbedMessage||(d.wp.receiveEmbedMessage=function(e){var t=e.data;if((t||t.secret||t.message||t.value)&&!\/[^a-zA-Z0-9]\/.test(t.secret)){for(var s,r,n,a=l.querySelectorAll('iframe[data-secret=\"'+t.secret+'\"]'),o=l.querySelectorAll('blockquote[data-secret=\"'+t.secret+'\"]'),c=new RegExp(\"^https?:$\",\"i\"),i=0;i<o.length;i++)o[i].style.display=\"none\";for(i=0;i<a.length;i++)s=a[i],e.source===s.contentWindow&&(s.removeAttribute(\"style\"),\"height\"===t.message?(1e3<(r=parseInt(t.value,10))?r=1e3:~~r<200&&(r=200),s.height=r):\"link\"===t.message&&(r=new URL(s.getAttribute(\"src\")),n=new URL(t.value),c.test(n.protocol))&&n.host===r.host&&l.activeElement===s&&(d.top.location.href=t.value))}},d.addEventListener(\"message\",d.wp.receiveEmbedMessage,!1),l.addEventListener(\"DOMContentLoaded\",function(){for(var e,t,s=l.querySelectorAll(\"iframe.wp-embedded-content\"),r=0;r<s.length;r++)(t=(e=s[r]).getAttribute(\"data-secret\"))||(t=Math.random().toString(36).substring(2,12),e.src+=\"#?secret=\"+t,e.setAttribute(\"data-secret\",t)),e.contentWindow.postMessage({message:\"ready\",secret:t},\"*\")},!1)))}(window,document);\n<\/script>\n","thumbnail_url":"https:\/\/saec.sp.gov.br\/wp-content\/uploads\/2026\/03\/WhatsApp-Image-2026-03-10-at-10.06.37.jpeg","thumbnail_width":1170,"thumbnail_height":739,"description":"Neste s\u00e1bado, dia 07, a SAEC est\u00e1 presente no Pra\u00e7a da Matriz participando do Dia Delas, evento especial promovido pela Prefeitura de Catanduva em comemora\u00e7\u00e3o ao Dia Internacional da Mulher. At\u00e9 \u00e0s 13h, no stand da Saec, quem passar pela pra\u00e7a poder\u00e1 conferir a\u00e7\u00f5es de conscientiza\u00e7\u00e3o sobre sustentabilidade e a import\u00e2ncia de pequenas atitudes no [&hellip;]"}

Neste sábado, dia 07, a SAEC está presente no Praça da Matriz participando do Dia Delas, evento especial promovido pela Prefeitura de Catanduva em comemoração ao Dia Internacional da Mulher. Até às 13h, no stand da Saec, quem passar pela praça poderá conferir ações de conscientização sobre sustentabilidade e a importância de pequenas atitudes no [&hellip;]
