{"id":8676,"date":"2024-03-20T09:44:57","date_gmt":"2024-03-20T12:44:57","guid":{"rendered":"http:\/\/saec.sp.gov.br\/?page_id=8676"},"modified":"2024-03-20T10:50:23","modified_gmt":"2024-03-20T13:50:23","slug":"convenios","status":"publish","type":"page","link":"https:\/\/saec.sp.gov.br\/index.php\/convenios\/","title":{"rendered":"Conv\u00eanios"},"content":{"rendered":"\t\t<div data-elementor-type=\"wp-page\" data-elementor-id=\"8676\" class=\"elementor elementor-8676\">\n\t\t\t\t\t\t\t\t\t<section class=\"elementor-section elementor-top-section elementor-element elementor-element-f49fbe6 elementor-section-boxed elementor-section-height-default elementor-section-height-default wpr-particle-no wpr-jarallax-no wpr-parallax-no wpr-sticky-section-no\" data-id=\"f49fbe6\" data-element_type=\"section\">\n\t\t\t\t\t\t<div class=\"elementor-container elementor-column-gap-default\">\n\t\t\t\t\t<div class=\"elementor-column elementor-col-100 elementor-top-column elementor-element elementor-element-5ca3df7\" data-id=\"5ca3df7\" data-element_type=\"column\">\n\t\t\t<div class=\"elementor-widget-wrap elementor-element-populated\">\n\t\t\t\t\t\t\t\t<div class=\"elementor-element elementor-element-75a4351 elementor-widget elementor-widget-wesper-accordion\" data-id=\"75a4351\" data-element_type=\"widget\" data-widget_type=\"wesper-accordion.default\">\n\t\t\t\t<div class=\"elementor-widget-container\">\n\t\t\t    \n        <div class=\"jl-accordion-items\">\n            \n                <div class=\"jl-accordion-single-item elementor-repeater-item-5493d70\">\n                    <div class=\"jl-accordion-title\">\n\n                        \n                        <h3 class=\"jl-accordion-heading\">AG\u00caNCIA REGULADORA- ARES PCJ<\/h3>                        \n                            <div class=\"jl-active-inactive-icon\">                                \n                                    <span class=\"jl-active-icon\">-<\/span>\n                                    <span class=\"jl-inactive-icon\">+<\/span>                                \n                            <\/div>                        \n                    <\/div>\n\n                    <div class=\"jl-accordion-content\">\n                        <div class=\"jl-accordion-content-wrapper has-image-no image-position-right\">\n                            <div class=\"jl-accordion-text\">\n                                <div> <p><strong>CONV\u00caNIO DE COOPERA\u00c7\u00c3O N\u00ba02\/2024<\/strong><\/p><p><a href=\"http:\/\/saec.sp.gov.br\/wp-content\/uploads\/2024\/03\/Convenio-de-Cooperacao-no-02_2024-AE-I.pdf\" target=\"_blank\" rel=\"noopener\">Clique para visualizar o documento<\/a><\/p><\/div>\n                                                            <\/div>\n\n                            \n                        <\/div>\n                    <\/div>\n                <\/div>                \n                        \n        <\/div>\n    \t\t<\/div>\n\t\t\t\t<\/div>\n\t\t\t\t\t<\/div>\n\t\t<\/div>\n\t\t\t\t\t\t\t<\/div>\n\t\t<\/section>\n\t\t\t\t\t\t\t<\/div>\n\t\t","protected":false},"excerpt":{"rendered":"<p>AG\u00caNCIA REGULADORA- ARES PCJ &#8211; + CONV\u00caNIO DE COOPERA\u00c7\u00c3O N\u00ba02\/2024 Clique para visualizar o documento<\/p>\n","protected":false},"author":14,"featured_media":0,"parent":0,"menu_order":0,"comment_status":"closed","ping_status":"closed","template":"","meta":{"footnotes":""},"yoast_head":"<!-- This site is optimized with the Yoast SEO plugin v15.3 - https:\/\/yoast.com\/wordpress\/plugins\/seo\/ -->\n<title>Conv\u00eanios - SAEC Superintendencia de Agua e Esgoto de Catanduva<\/title>\n<meta name=\"robots\" content=\"index, follow, max-snippet:-1, max-image-preview:large, max-video-preview:-1\" \/>\n<link rel=\"canonical\" href=\"https:\/\/saec.sp.gov.br\/index.php\/convenios\/\" \/>\n<meta property=\"og:locale\" content=\"pt_BR\" \/>\n<meta property=\"og:type\" content=\"article\" \/>\n<meta property=\"og:title\" content=\"Conv\u00eanios - SAEC Superintendencia de Agua e Esgoto de Catanduva\" \/>\n<meta property=\"og:description\" content=\"AG\u00caNCIA REGULADORA- ARES PCJ &#8211; + CONV\u00caNIO DE COOPERA\u00c7\u00c3O N\u00ba02\/2024 Clique para visualizar o documento\" \/>\n<meta property=\"og:url\" content=\"https:\/\/saec.sp.gov.br\/index.php\/convenios\/\" \/>\n<meta property=\"og:site_name\" content=\"SAEC Superintendencia de Agua e Esgoto de Catanduva\" \/>\n<meta property=\"article:modified_time\" content=\"2024-03-20T13:50:23+00:00\" \/>\n<meta name=\"twitter:card\" content=\"summary\" \/>\n<meta name=\"twitter:label1\" content=\"Written by\">\n\t<meta name=\"twitter:data1\" content=\"Vtec Infra\">\n\t<meta name=\"twitter:label2\" content=\"Est. reading time\">\n\t<meta name=\"twitter:data2\" content=\"0 minuto\">\n<script type=\"application\/ld+json\" class=\"yoast-schema-graph\">{\"@context\":\"https:\/\/schema.org\",\"@graph\":[{\"@type\":\"WebSite\",\"@id\":\"https:\/\/saec.sp.gov.br\/#website\",\"url\":\"https:\/\/saec.sp.gov.br\/\",\"name\":\"SAEC Superintendencia de Agua e Esgoto de Catanduva\",\"description\":\"SAEC\",\"potentialAction\":[{\"@type\":\"SearchAction\",\"target\":\"https:\/\/saec.sp.gov.br\/?s={search_term_string}\",\"query-input\":\"required name=search_term_string\"}],\"inLanguage\":\"pt-BR\"},{\"@type\":\"WebPage\",\"@id\":\"https:\/\/saec.sp.gov.br\/index.php\/convenios\/#webpage\",\"url\":\"https:\/\/saec.sp.gov.br\/index.php\/convenios\/\",\"name\":\"Conv\\u00eanios - SAEC Superintendencia de Agua e Esgoto de Catanduva\",\"isPartOf\":{\"@id\":\"https:\/\/saec.sp.gov.br\/#website\"},\"datePublished\":\"2024-03-20T12:44:57+00:00\",\"dateModified\":\"2024-03-20T13:50:23+00:00\",\"inLanguage\":\"pt-BR\",\"potentialAction\":[{\"@type\":\"ReadAction\",\"target\":[\"https:\/\/saec.sp.gov.br\/index.php\/convenios\/\"]}]}]}<\/script>\n<!-- \/ Yoast SEO plugin. -->","amp_validity":null,"amp_enabled":true,"_links":{"self":[{"href":"https:\/\/saec.sp.gov.br\/index.php\/wp-json\/wp\/v2\/pages\/8676"}],"collection":[{"href":"https:\/\/saec.sp.gov.br\/index.php\/wp-json\/wp\/v2\/pages"}],"about":[{"href":"https:\/\/saec.sp.gov.br\/index.php\/wp-json\/wp\/v2\/types\/page"}],"author":[{"embeddable":true,"href":"https:\/\/saec.sp.gov.br\/index.php\/wp-json\/wp\/v2\/users\/14"}],"replies":[{"embeddable":true,"href":"https:\/\/saec.sp.gov.br\/index.php\/wp-json\/wp\/v2\/comments?post=8676"}],"version-history":[{"count":7,"href":"https:\/\/saec.sp.gov.br\/index.php\/wp-json\/wp\/v2\/pages\/8676\/revisions"}],"predecessor-version":[{"id":8687,"href":"https:\/\/saec.sp.gov.br\/index.php\/wp-json\/wp\/v2\/pages\/8676\/revisions\/8687"}],"wp:attachment":[{"href":"https:\/\/saec.sp.gov.br\/index.php\/wp-json\/wp\/v2\/media?parent=8676"}],"curies":[{"name":"wp","href":"https:\/\/api.w.org\/{rel}","templated":true}]}}